{"id":10,"date":"2023-03-08T15:52:41","date_gmt":"2023-03-08T14:52:41","guid":{"rendered":"https:\/\/www.agrohradok.sk\/?page_id=10"},"modified":"2023-08-27T00:08:36","modified_gmt":"2023-08-26T22:08:36","slug":"home","status":"publish","type":"page","link":"https:\/\/www.agrohradok.sk\/","title":{"rendered":"Home"},"content":{"rendered":"\n<div class=\"wp-block-stackable-hero alignfull stk-block-hero stk-block stk-97e5af3 is-style-default\" data-block-id=\"97e5af3\"><style>.stk-97e5af3{margin-bottom:40px !important}.stk-97e5af3-container{background-image:url(https:\/\/www.agrohradok.sk\/wp-content\/uploads\/2023\/03\/website_final.mp4) !important}.stk-97e5af3-container:before{background-color:#000000 !important;opacity:0.5 !important}.stk-97e5af3 .stk-block-hero__content{min-height:500px !important;align-items:center !important;display:flex !important}<\/style><div class=\"stk-block-hero__content stk-content-align stk-97e5af3-column alignfull stk-container stk-97e5af3-container stk-hover-parent stk--has-background-overlay\"><div class=\"stk-block-content stk-inner-blocks has-text-align-center\">\n<div class=\"wp-block-stackable-heading stk-block-heading stk-block-heading--v2 stk-block stk-dd8273d\" id=\"span-style-color-var-palette-color-8-ffffff-class-stk-highlight-agro-hradok-s-r-o-span\" data-block-id=\"dd8273d\"><style>.stk-dd8273d{margin-bottom:0px !important}.stk-dd8273d .stk-block-heading__text{font-size:3.5em !important}@media screen and (max-width:1023px){.stk-dd8273d .stk-block-heading__text{font-size:3.5em !important}}<\/style><h1 class=\"stk-block-heading__text\"><span style=\"color: var(--paletteColor8, #ffffff);\" class=\"stk-highlight\">AGRO HR\u00c1DOK, s.r.o.<\/span><\/h1><\/div>\n\n\n\n<div class=\"wp-block-stackable-text stk-block-text stk-block stk-a79b060\" data-block-id=\"a79b060\"><style>.stk-a79b060 .stk-block-text__text{font-size:1.85em !important}@media screen and (max-width:1023px){.stk-a79b060 .stk-block-text__text{font-size:1.85em !important}}<\/style><p class=\"stk-block-text__text\"><span style=\"color: var(--paletteColor8, #ffffff);\" class=\"stk-highlight\">Spo\u013eahliv\u00fd partner pre Va\u0161u p\u00f4du<\/span><\/p><\/div>\n<\/div><video class=\"stk-video-background\" autoplay muted loop playsinline src=\"https:\/\/www.agrohradok.sk\/wp-content\/uploads\/2023\/03\/website_final.mp4\"><\/video><\/div><\/div>\n\n\n\n<div class=\"wp-block-stackable-feature stk-block-feature stk-block stk-702fa8c is-style-default\" data-block-id=\"702fa8c\"><style>.stk-702fa8c{margin-bottom:40px !important}.stk-702fa8c-container{padding-top:0px !important;padding-right:0px !important;padding-bottom:0px !important;padding-left:0px !important}.stk-702fa8c > .stk-separator__bottom .stk-separator__wrapper{transform:scaleX(2.8) !important;height:264px !important}<\/style><div class=\"stk-content-align stk-702fa8c-column stk-container stk-702fa8c-container stk--no-background stk--no-padding\"><div class=\"stk-inner-blocks stk-block-content stk-row\">\n<div class=\"wp-block-stackable-column stk-block-column stk-block-column--v3 stk-column stk-block-column--v2 stk-block stk-2d88632\" data-block-id=\"2d88632\"><style>.stk-2d88632{align-self:center !important}<\/style><div class=\"stk-column-wrapper stk-block-column__content stk-container stk-2d88632-container stk--no-background stk--no-padding\"><div class=\"stk-block-content stk-inner-blocks stk-2d88632-inner-blocks\">\n<div class=\"wp-block-stackable-image stk-block-image stk-block stk-5009acd\" data-block-id=\"5009acd\"><style>.stk-5009acd .stk-img-wrapper{width:100% !important}<\/style><figure class=\"stk-img-wrapper stk-image--shape-stretch\"><img loading=\"lazy\" decoding=\"async\" class=\"stk-img wp-image-30\" src=\"https:\/\/www.agrohradok.sk\/wp-content\/uploads\/2023\/03\/Pluh-scaled.jpg\" width=\"1920\" height=\"2560\" srcset=\"https:\/\/www.agrohradok.sk\/wp-content\/uploads\/2023\/03\/Pluh-scaled.jpg 1920w, https:\/\/www.agrohradok.sk\/wp-content\/uploads\/2023\/03\/Pluh-225x300.jpg 225w, https:\/\/www.agrohradok.sk\/wp-content\/uploads\/2023\/03\/Pluh-768x1024.jpg 768w, https:\/\/www.agrohradok.sk\/wp-content\/uploads\/2023\/03\/Pluh-1152x1536.jpg 1152w, https:\/\/www.agrohradok.sk\/wp-content\/uploads\/2023\/03\/Pluh-1536x2048.jpg 1536w\" sizes=\"auto, (max-width: 1920px) 100vw, 1920px\" \/><\/figure><\/div>\n<\/div><\/div><\/div>\n\n\n\n<div class=\"wp-block-stackable-column stk-block-column stk-block-column--v3 stk-column stk-block-column--v2 stk-block stk-7bf3243\" data-block-id=\"7bf3243\"><style>.stk-7bf3243{align-self:center !important}<\/style><div class=\"stk-column-wrapper stk-block-column__content stk-container stk-7bf3243-container stk--no-background stk--no-padding\"><div class=\"stk-block-content stk-inner-blocks stk-7bf3243-inner-blocks\">\n<div class=\"wp-block-stackable-heading stk-block-heading stk-block-heading--v2 stk-block stk-95d5db3\" id=\"o-firme\" data-block-id=\"95d5db3\"><style>.stk-95d5db3 .stk-block-heading__text{font-size:3.5em !important}@media screen and (max-width:1023px){.stk-95d5db3 .stk-block-heading__text{font-size:3.5em !important}}@media screen and (max-width:767px){.stk-95d5db3 .stk-block-heading__text{font-size:2.5em !important}}<\/style><h2 class=\"stk-block-heading__text has-text-align-left\">O firme<\/h2><\/div>\n\n\n\n<div class=\"wp-block-stackable-text stk-block-text stk-block stk-fa2f110\" data-block-id=\"fa2f110\"><style>.stk-fa2f110 .stk-block-text__text{font-size:1.2em !important}@media screen and (max-width:1023px){.stk-fa2f110 .stk-block-text__text{font-size:1.2em !important}}<\/style><p class=\"stk-block-text__text\">Rodinn\u00e1 spolo\u010dnos\u0165 p\u00f4sobiaca od roku 2008 v okol\u00ed mesta \u0160urany.<br>Zaober\u00e1me sa predov\u0161etk\u00fdm rastlinnou prvov\u00fdrobou. Na poliach pestujeme repku olejn\u00fa, p\u0161enicu m\u00e4kk\u00fa, zrnov\u00fa kukuricu, slne\u010dnicu, hrach a ja\u010dme\u0148.<br>Disponujeme modernou technikou ktorou od roku 2020 poskytujeme slu\u017eby men\u0161\u00edm i v\u00e4\u010d\u0161\u00edm po\u013enohospod\u00e1rom.<\/p><\/div>\n\n\n\n<div class=\"wp-block-stackable-button-group stk-block-button-group stk-block stk-65140d8\" data-block-id=\"65140d8\"><div class=\"stk-row stk-inner-blocks stk-block-content stk-button-group\">\n<div class=\"wp-block-stackable-button stk-block-button stk-block stk-c8a0302\" data-block-id=\"c8a0302\"><a class=\"stk-link stk-button stk--hover-effect-darken\" href=\"\"><span class=\"stk-button__inner-text\">Button<\/span><\/a><\/div>\n<\/div><\/div>\n<\/div><\/div><\/div>\n<\/div><\/div><\/div>\n\n\n\n<div class=\"wp-block-stackable-feature stk-block-feature stk-block stk-585ab64 is-style-default\" data-block-id=\"585ab64\"><style>.stk-585ab64{margin-bottom:40px !important}<\/style><div class=\"stk-content-align stk-585ab64-column stk-container stk-585ab64-container stk-hover-parent\"><div class=\"stk-inner-blocks stk-block-content stk-row\">\n<div class=\"wp-block-stackable-column stk-block-column stk-block-column--v3 stk-column stk-block-column--v2 stk-block stk-5da1d9f\" data-block-id=\"5da1d9f\"><style>.stk-5da1d9f{align-self:center !important}<\/style><div class=\"stk-column-wrapper stk-block-column__content stk-container stk-5da1d9f-container stk--no-background stk--no-padding\"><div class=\"stk-block-content stk-inner-blocks stk-5da1d9f-inner-blocks\">\n<div class=\"wp-block-stackable-heading stk-block-heading stk-block-heading--v2 stk-block stk-2266a4a\" id=\"prvovyroba\" data-block-id=\"2266a4a\"><style>.stk-2266a4a .stk-block-heading__text{font-size:3.5em !important}@media screen and (max-width:1023px){.stk-2266a4a .stk-block-heading__text{font-size:3.5em !important}}@media screen and (max-width:767px){.stk-2266a4a .stk-block-heading__text{font-size:2.5em !important}}<\/style><h1 class=\"stk-block-heading__text\">Prvov\u00fdroba<\/h1><\/div>\n\n\n\n<div class=\"wp-block-stackable-text stk-block-text stk-block stk-4e9c555\" data-block-id=\"4e9c555\"><style>.stk-4e9c555 .stk-block-text__text{font-size:1.2em !important}@media screen and (max-width:1023px){.stk-4e9c555 .stk-block-text__text{font-size:1.2em !important}}<\/style><p class=\"stk-block-text__text\">Nosnou \u010dinnos\u0165ou spolo\u010dnosti AGRO HR\u00c1DOK je pestovanie po\u013en\u00fdch plod\u00edn. Hlavn\u00fdmi plodinami na na\u0161om podniku s\u00fa p\u0161enica m\u00e4kk\u00e1, repka olejn\u00e1 a zrnov\u00e1 kukurica. Produkciu sme schopn\u00fd uskladni\u0165 vo vlastn\u00fdch priestoroch. Dokopy vieme uskladni\u0165 pribli\u017ene 1500 ton komod\u00edt v dvoch hang\u00e1rov\u00fdch skladoch.<br><br>Pracujeme na p\u00f4de ktor\u00fa m\u00e1me v osobnom vlastn\u00edctve alebo v pren\u00e1jme.<br>Ak ste vlastn\u00edkom alebo podielov\u00fdm vlastn\u00edkom p\u00f4dy a m\u00e1te z\u00e1ujem o jej odpredaj nev\u00e1hajte n\u00e1s kontaktova\u0165. Kontakty s\u00fa uveden\u00e9 v z\u00e1lo\u017eke kontakt.<br>Nechcete p\u00f4du preda\u0165, ale radi by ste ju dali do pren\u00e1jmu. V tomto pr\u00edpade V\u00e1m pon\u00fakame mo\u017enos\u0165 uzatvorenia n\u00e1jomn\u00e9ho vz\u0165ahu. Podmienky n\u00e1jmu prejedn\u00e1vame individu\u00e1lne.<\/p><\/div>\n<\/div><\/div><\/div>\n\n\n\n<div class=\"wp-block-stackable-column stk-block-column stk-block-column--v3 stk-column stk-block-column--v2 stk-block stk-9a389a4\" data-block-id=\"9a389a4\"><style>.stk-9a389a4{align-self:center !important}<\/style><div class=\"stk-column-wrapper stk-block-column__content stk-container stk-9a389a4-container stk--no-background stk--no-padding\"><div class=\"stk-block-content stk-inner-blocks stk-9a389a4-inner-blocks\">\n<div class=\"wp-block-stackable-image stk-block-image stk-block stk-b89725e\" data-block-id=\"b89725e\"><style>.stk-b89725e .stk-img-wrapper{width:100% !important}<\/style><figure class=\"stk-img-wrapper stk-image--shape-stretch\"><img loading=\"lazy\" decoding=\"async\" class=\"stk-img wp-image-35\" src=\"https:\/\/www.agrohradok.sk\/wp-content\/uploads\/2023\/03\/0EC648FF-A2F4-411A-B154-3560B11AF561-scaled.jpeg\" width=\"1920\" height=\"2560\" srcset=\"https:\/\/www.agrohradok.sk\/wp-content\/uploads\/2023\/03\/0EC648FF-A2F4-411A-B154-3560B11AF561-scaled.jpeg 1920w, https:\/\/www.agrohradok.sk\/wp-content\/uploads\/2023\/03\/0EC648FF-A2F4-411A-B154-3560B11AF561-225x300.jpeg 225w, https:\/\/www.agrohradok.sk\/wp-content\/uploads\/2023\/03\/0EC648FF-A2F4-411A-B154-3560B11AF561-768x1024.jpeg 768w, https:\/\/www.agrohradok.sk\/wp-content\/uploads\/2023\/03\/0EC648FF-A2F4-411A-B154-3560B11AF561-1152x1536.jpeg 1152w, https:\/\/www.agrohradok.sk\/wp-content\/uploads\/2023\/03\/0EC648FF-A2F4-411A-B154-3560B11AF561-1536x2048.jpeg 1536w\" sizes=\"auto, (max-width: 1920px) 100vw, 1920px\" \/><\/figure><\/div>\n<\/div><\/div><\/div>\n<\/div><\/div><\/div>\n\n\n\n<div class=\"wp-block-stackable-feature stk-block-feature stk-block stk-b23a3e1 is-style-default\" data-block-id=\"b23a3e1\"><style>.stk-b23a3e1{margin-bottom:40px !important}<\/style><div class=\"stk-content-align stk-b23a3e1-column stk-container stk-b23a3e1-container stk--no-background stk--no-padding\"><div class=\"stk-inner-blocks stk-block-content stk-row\">\n<div class=\"wp-block-stackable-column stk-block-column stk-block-column--v3 stk-column stk-block-column--v2 stk-block stk-3a9200a\" data-block-id=\"3a9200a\"><style>.stk-3a9200a{align-self:center !important}<\/style><div class=\"stk-column-wrapper stk-block-column__content stk-container stk-3a9200a-container stk--no-background stk--no-padding\"><div class=\"stk-block-content stk-inner-blocks stk-3a9200a-inner-blocks\">\n<div class=\"wp-block-stackable-image stk-block-image stk-block stk-9110e82\" data-block-id=\"9110e82\"><style>.stk-9110e82 .stk-img-wrapper{width:100% !important}<\/style><figure class=\"stk-img-wrapper stk-image--shape-stretch\"><img loading=\"lazy\" decoding=\"async\" class=\"stk-img wp-image-33\" src=\"https:\/\/www.agrohradok.sk\/wp-content\/uploads\/2023\/03\/DE85BAE3-9FCE-436B-8331-1EA7D5124A94-scaled.jpeg\" width=\"1827\" height=\"2560\" srcset=\"https:\/\/www.agrohradok.sk\/wp-content\/uploads\/2023\/03\/DE85BAE3-9FCE-436B-8331-1EA7D5124A94-scaled.jpeg 1827w, https:\/\/www.agrohradok.sk\/wp-content\/uploads\/2023\/03\/DE85BAE3-9FCE-436B-8331-1EA7D5124A94-214x300.jpeg 214w, https:\/\/www.agrohradok.sk\/wp-content\/uploads\/2023\/03\/DE85BAE3-9FCE-436B-8331-1EA7D5124A94-731x1024.jpeg 731w, https:\/\/www.agrohradok.sk\/wp-content\/uploads\/2023\/03\/DE85BAE3-9FCE-436B-8331-1EA7D5124A94-768x1076.jpeg 768w, https:\/\/www.agrohradok.sk\/wp-content\/uploads\/2023\/03\/DE85BAE3-9FCE-436B-8331-1EA7D5124A94-1096x1536.jpeg 1096w, https:\/\/www.agrohradok.sk\/wp-content\/uploads\/2023\/03\/DE85BAE3-9FCE-436B-8331-1EA7D5124A94-1462x2048.jpeg 1462w\" sizes=\"auto, (max-width: 1827px) 100vw, 1827px\" \/><\/figure><\/div>\n<\/div><\/div><\/div>\n\n\n\n<div class=\"wp-block-stackable-column stk-block-column stk-block-column--v3 stk-column stk-block-column--v2 stk-block stk-2b320e1\" data-block-id=\"2b320e1\"><style>.stk-2b320e1{align-self:center !important}<\/style><div class=\"stk-column-wrapper stk-block-column__content stk-container stk-2b320e1-container stk--no-background stk--no-padding\"><div class=\"stk-block-content stk-inner-blocks stk-2b320e1-inner-blocks\">\n<div class=\"wp-block-stackable-heading stk-block-heading stk-block-heading--v2 stk-block stk-6f29698\" id=\"sluzby\" data-block-id=\"6f29698\"><style>.stk-6f29698 .stk-block-heading__text{font-size:3.5em !important}@media screen and (max-width:1023px){.stk-6f29698 .stk-block-heading__text{font-size:3.5em !important}}@media screen and (max-width:767px){.stk-6f29698 .stk-block-heading__text{font-size:2.5em !important}}<\/style><h1 class=\"stk-block-heading__text\">Slu\u017eby<\/h1><\/div>\n\n\n\n<div class=\"wp-block-stackable-text stk-block-text stk-block stk-04743e4\" data-block-id=\"04743e4\"><style>.stk-04743e4 .stk-block-text__text{font-size:1.2em !important}@media screen and (max-width:1023px){.stk-04743e4 .stk-block-text__text{font-size:1.2em !important}}<\/style><p class=\"stk-block-text__text\">Od roku 2020 poskytujeme svojou technikou slu\u017eby v\u00e4\u010d\u0161\u00edm i men\u0161\u00edm po\u013enohospod\u00e1rom a vlastn\u00edkom p\u00f4dy. V na\u0161om vozovom parku n\u00e1jdete modern\u00e9 traktory zna\u010dky Deutz Fahr, kombajny CLAAS a teleskopick\u00fd manipul\u00e1tor Merlo. Sme schopn\u00fd zabezpe\u010di\u0165 pestovanie na k\u013e\u00fa\u010d od pr\u00edpravy p\u00f4dy a\u017e po zber, pr\u00edpadne \u010diastkov\u00fa v\u00fdpomoc pri konkr\u00e9tnych \u010dinnostiach. Cenn\u00edk je individu\u00e1lny v z\u00e1vislosti od r\u00f4znych faktorov. Pre bli\u017e\u0161ie inform\u00e1cie n\u00e1s m\u00f4\u017eete kontaktova\u0165 mailom alebo telefonicky.<\/p><\/div>\n<\/div><\/div><\/div>\n<\/div><\/div><\/div>\n\n\n\n<div class=\"wp-block-stackable-feature stk-block-feature stk-block stk-2e108b1 is-style-default\" data-block-id=\"2e108b1\"><div class=\"stk-content-align stk-2e108b1-column stk-container stk-2e108b1-container stk--no-background stk--no-padding\"><div class=\"stk-inner-blocks stk-block-content stk-row\">\n<div class=\"wp-block-stackable-column stk-block-column stk-block-column--v3 stk-column stk-block-column--v2 stk-block stk-eb3c5df\" data-block-id=\"eb3c5df\"><style>.stk-eb3c5df{align-self:center !important}<\/style><div class=\"stk-column-wrapper stk-block-column__content stk-container stk-eb3c5df-container stk--no-background stk--no-padding\"><div class=\"stk-block-content stk-inner-blocks stk-eb3c5df-inner-blocks\">\n<div class=\"wp-block-stackable-heading stk-block-heading stk-block-heading--v2 stk-block stk-7dfe529\" id=\"kontaktujte-nas\" data-block-id=\"7dfe529\"><h2 class=\"stk-block-heading__text\">Kontaktujte n\u00e1s:<\/h2><\/div>\n\n\n\n<div class=\"wp-block-stackable-text stk-block-text stk-block stk-e1b16aa\" data-block-id=\"e1b16aa\"><p class=\"stk-block-text__text\">s\u00eddlo: Hlavn\u00e1 92\/3669, 942 01 \u0160urany<br>mail: info@agrohradok.sk<br>mobil: +421 917 245 995<\/p><\/div>\n\n\n\n<div class=\"wp-block-stackable-button-group stk-block-button-group stk-block stk-17f7894\" data-block-id=\"17f7894\"><div class=\"stk-row stk-inner-blocks stk-block-content stk-button-group\">\n<div class=\"wp-block-stackable-button stk-block-button stk-block stk-7b4fb2a\" data-block-id=\"7b4fb2a\"><a class=\"stk-link stk-button stk--hover-effect-darken\" href=\"\"><span class=\"stk-button__inner-text\">Button<\/span><\/a><\/div>\n<\/div><\/div>\n<\/div><\/div><\/div>\n\n\n\n<iframe src=\"https:\/\/www.google.com\/maps\/embed?pb=!1m18!1m12!1m3!1d2666.302560011666!2d18.196439576267526!3d48.065802556155454!2m3!1f0!2f0!3f0!3m2!1i1024!2i768!4f13.1!3m3!1m2!1s0x476b04b1602c6e67%3A0xb7c4c70bd2090cd!2sAGRO%20HR%C3%81DOK%2C%20s.r.o.!5e0!3m2!1ssk!2ssk!4v1693066482712!5m2!1ssk!2ssk\" width=\"600\" height=\"450\" style=\"border:0;\" allowfullscreen=\"\" loading=\"lazy\" referrerpolicy=\"no-referrer-when-downgrade\"><\/iframe> \n<div class=\"wp-block-stackable-column stk-block-column stk-block-column--v3 stk-column stk-block-column--v2 stk-block stk-6d70478\" data-block-id=\"6d70478\"><style>.stk-6d70478{align-self:center !important}<\/style><div class=\"stk-column-wrapper stk-block-column__content stk-container stk-6d70478-container stk--no-background stk--no-padding\"><div class=\"stk-block-content stk-inner-blocks stk-6d70478-inner-blocks\">\n\n<div class=\"wp-block-stackable-image stk-block-image stk-block stk-bcfbd6b\" data-block-id=\"bcfbd6b\"><\/div>\n\n<\/div><\/div><\/div>\n<\/div><\/div><\/div>\n","protected":false},"excerpt":{"rendered":"<p>AGRO HR\u00c1DOK, s.r.o. Spo\u013eahliv\u00fd partner pre Va\u0161u p\u00f4du O firme Rodinn\u00e1 spolo\u010dnos\u0165 p\u00f4sobiaca od roku 2008 v okol\u00ed mesta \u0160urany.Zaober\u00e1me sa predov\u0161etk\u00fdm rastlinnou prvov\u00fdrobou. Na poliach pestujeme repku olejn\u00fa, p\u0161enicu m\u00e4kk\u00fa, zrnov\u00fa kukuricu, slne\u010dnicu, hrach a ja\u010dme\u0148.Disponujeme modernou technikou ktorou od roku 2020 poskytujeme slu\u017eby men\u0161\u00edm i v\u00e4\u010d\u0161\u00edm po\u013enohospod\u00e1rom. Button Prvov\u00fdroba Nosnou \u010dinnos\u0165ou spolo\u010dnosti AGRO HR\u00c1DOK je pestovanie po\u013en\u00fdch plod\u00edn. Hlavn\u00fdmi plodinami na na\u0161om podniku s\u00fa p\u0161enica m\u00e4kk\u00e1, repka olejn\u00e1 a zrnov\u00e1 kukurica. Produkciu sme schopn\u00fd uskladni\u0165 vo vlastn\u00fdch priestoroch. Dokopy vieme uskladni\u0165 pribli\u017ene 1500 ton komod\u00edt v dvoch hang\u00e1rov\u00fdch skladoch. Pracujeme na p\u00f4de ktor\u00fa m\u00e1me v osobnom vlastn\u00edctve alebo\u2026<\/p>\n","protected":false},"author":2,"featured_media":0,"parent":0,"menu_order":0,"comment_status":"closed","ping_status":"closed","template":"","meta":{"footnotes":""},"class_list":["post-10","page","type-page","status-publish","hentry"],"blocksy_meta":"","featured_image_urls":{"full":"","thumbnail":"","medium":"","medium_large":"","large":"","1536x1536":"","2048x2048":""},"post_excerpt_stackable":"<p>AGRO HR\u00c1DOK, s.r.o. Spo\u013eahliv\u00fd partner pre Va\u0161u p\u00f4du O firme Rodinn\u00e1 spolo\u010dnos\u0165 p\u00f4sobiaca od roku 2008 v okol\u00ed mesta \u0160urany.Zaober\u00e1me sa predov\u0161etk\u00fdm rastlinnou prvov\u00fdrobou. Na poliach pestujeme repku olejn\u00fa, p\u0161enicu m\u00e4kk\u00fa, zrnov\u00fa kukuricu, slne\u010dnicu, hrach a ja\u010dme\u0148.Disponujeme modernou technikou ktorou od roku 2020 poskytujeme slu\u017eby men\u0161\u00edm i v\u00e4\u010d\u0161\u00edm po\u013enohospod\u00e1rom. Button Prvov\u00fdroba Nosnou \u010dinnos\u0165ou spolo\u010dnosti AGRO HR\u00c1DOK je pestovanie po\u013en\u00fdch plod\u00edn. Hlavn\u00fdmi plodinami na na\u0161om podniku s\u00fa p\u0161enica m\u00e4kk\u00e1, repka olejn\u00e1 a zrnov\u00e1 kukurica. Produkciu sme schopn\u00fd uskladni\u0165 vo vlastn\u00fdch priestoroch. Dokopy vieme uskladni\u0165 pribli\u017ene 1500 ton komod\u00edt v dvoch hang\u00e1rov\u00fdch skladoch.Pracujeme na p\u00f4de ktor\u00fa m\u00e1me v osobnom vlastn\u00edctve alebo v&hellip;<\/p>\n","category_list":"","author_info":{"name":"Adam Be\u010fo","url":"https:\/\/www.agrohradok.sk\/?author=2"},"comments_num":"0 comments","_links":{"self":[{"href":"https:\/\/www.agrohradok.sk\/index.php?rest_route=\/wp\/v2\/pages\/10","targetHints":{"allow":["GET"]}}],"collection":[{"href":"https:\/\/www.agrohradok.sk\/index.php?rest_route=\/wp\/v2\/pages"}],"about":[{"href":"https:\/\/www.agrohradok.sk\/index.php?rest_route=\/wp\/v2\/types\/page"}],"author":[{"embeddable":true,"href":"https:\/\/www.agrohradok.sk\/index.php?rest_route=\/wp\/v2\/users\/2"}],"replies":[{"embeddable":true,"href":"https:\/\/www.agrohradok.sk\/index.php?rest_route=%2Fwp%2Fv2%2Fcomments&post=10"}],"version-history":[{"count":95,"href":"https:\/\/www.agrohradok.sk\/index.php?rest_route=\/wp\/v2\/pages\/10\/revisions"}],"predecessor-version":[{"id":167,"href":"https:\/\/www.agrohradok.sk\/index.php?rest_route=\/wp\/v2\/pages\/10\/revisions\/167"}],"wp:attachment":[{"href":"https:\/\/www.agrohradok.sk\/index.php?rest_route=%2Fwp%2Fv2%2Fmedia&parent=10"}],"curies":[{"name":"wp","href":"https:\/\/api.w.org\/{rel}","templated":true}]}}